e z(m). What is the greatest common divisor of 40 and q?
8
Suppose 0 = 3*c - 24 + 15. Suppose -c*l - 56 = -10*l. Let o be 9 + (-14 + l)*(-2)/(-3). What is the greatest common divisor of 5 and o?
5
Let j be 576/(-15)*10*-1. Suppose 30*n + 794 + 526 = 0. Let a be n/(-8) + (-2)/(-4) + 42. What is the highest common factor of a and j?
48
Let y be (-3)/(-7) + (-39624)/(-546). What is the greatest common factor of 3212 and y?
73
Let f(d) = 121*d**2 + 6*d + 8. Let z = -34 + 32. Let j be f(z). Calculate the highest common factor of 15 and j.
15
Let y = -5526 + 6366. Calculate the greatest common factor of 200 and y.
40
Let t = 2705 + -1341. Let x be t/66 - ((-12)/(-9))/(-4). What is the highest common divisor of 3 and x?
3
Let j = -2868 - -2968. Let g = 13 + -9. What is the highest common divisor of g and j?
4
Suppose 2711 - 10919 = -16*l. What is the highest common factor of l and 1824?
57
Let d be (-1*1)/2*240/40. Let l be (-7 - 847/14)*4/d. Suppose 35 = -2*g + 107. What is the highest common factor of l and g?
18
Suppose 0 = -102*h + 75*h + 324. What is the highest common factor of h and 2748?
12
Suppose v - 5*v = w - 29, -2 = -2*w. Suppose 0 = -t + s + 13, -2*t + 5*s + 18 = v*s. Calculate the highest common divisor of t and 11.
11
Suppose 2 = -k, -j = k - 6 - 8. Suppose 0 = -3*y + 4*y + j. Let x = 25 + y. What is the greatest common divisor of 9 and x?
9
Let a be 3/(3/(-8))*-4. Suppose -155*h + 164*h = 144. What is the highest common divisor of a and h?
16
Suppose 7923*i - 66123 = 7896*i. Calculate the greatest common factor of 93 and i.
31
Suppose 2*j = 5*d + 160, -2*d - 320 = -4*j - 3*d. Let o(w) = -w**2 + 24*w + 32. Let b be o(0). Calculate the greatest common divisor of j and b.
16
Let f = 350 + -336. Let y(v) = -v**2 + 15*v - 12. Let d be y(13). Calculate the highest common divisor of f and d.
14
Let l = -29 - -36. Suppose l*w = 628 + 100. Calculate the greatest common divisor of w and 26.
26
Suppose -5*t - 104 = -u, -u + 40 = -t - 60. Calculate the highest common factor of 506 and u.
11
Let n = -100 + 97. Let w be -2 - (-3)/(n/(-32)). Suppose -2*x - 14 = -w. Calculate the greatest common divisor of x and 16.
8
Let d = 98 + -108. Let q be ((-50)/(-5))/((-5)/d). What is the highest common divisor of q and 8?
4
Suppose -2*a + 38 = -0. Let z(y) = y**3 - 35*y**2 + 305*y + 38. Let u be z(19). What is the greatest common factor of a and u?
19
Let r = -10494 - -10654. What is the greatest common factor of 540 and r?
20
Let n(j) = 97*j + 76. Let x be n(2). Calculate the greatest common divisor of 2610 and x.
90
Suppose 3*h + 4*w - 1001 - 398 = 0, 5*h + 2*w = 2355. What is the greatest common divisor of 1462 and h?
43
Suppose 12 = g + 2*g. Suppose 0 = -4*c + 3*a + 112, -g*c = 10*a - 14*a - 112. What is the greatest common factor of 42 and c?
14
Let q be 79 + (15/(-8) - 4/32). Suppose -q = -5*a - 3*y, 75 = 5*a - 3*y + 8*y. Calculate the greatest common factor of 104 and a.
8
Suppose -3*u - 3*c + 507 = 0, 56*c - 61*c = -9*u + 1507. Calculate the highest common divisor of u and 20328.
168
Suppose -5*d + 15 = 0, -4*y - 23*d = -24*d - 29. Calculate the highest common factor of 3800 and y.
8
Suppose 0 = -11*o + 5*o + 42. Let q = 14 - -119. What is the highest common factor of o and q?
7
Suppose -11*o - 2*k = -440, -2*o + 11*k - 7*k = -80. What is the highest common factor of o and 296?
8
Let u = 53 + -49. Suppose -m + 1 = -u. Suppose -2*h = -m*g - 74, -2*h + 4*g + 66 = g. Calculate the greatest common divisor of h and 27.
27
Suppose v + 11 = 15. Suppose 56 = -v*w + 2*w - 2*q, -3*w - 5*q = 92. Let z be 3362/22 - (w/11 - -2). What is the highest common factor of z and 17?
17
Suppose -377 = -2*n + 65. Let q be (-1)/(30/25 - 29/20). Suppose 48 + 25 = 5*g + q*b, -2*g + 2*b = -22. What is the highest common divisor of g and n?
13
Let c(u) = -3*u - 8. Let n be c(-6). Let r = -532 - -583. Suppose 47*x = r*x - 360. Calculate the greatest common divisor of x and n.
10
Let m(c) = 15*c + 3134. Let g be m(-68). What is the highest common factor of g and 14?
14
Let m(u) = -u**3 - 8*u**2 + 7*u - 18. Let c be m(-9). Suppose -5*j = -j + t - 155, j - 3*t - 29 = c. What is the greatest common factor of 152 and j?
38
Suppose 0 = 5*j - v - 33207, 2*v - 15855 - 17346 = -5*j. Calculate the greatest common divisor of 232 and j.
29
Let h = -10 + 34. Suppose 4*j + 4*j = h. Suppose 1085 = 3*b + 2*l, b + 0*b - j*l - 369 = 0. What is the highest common factor of b and 33?
33
Let c = -395 - -581. Calculate the highest common factor of c and 1.
1
Suppose -224*h + 402 + 270 = 0. Calculate the highest common divisor of h and 393.
3
Suppose 2*m - 49 = -u, 32*u + 3*m = 1101 - 21. Calculate the highest common divisor of 10747 and u.
11
Suppose -4*w + 3*w = -23. Suppose -6*v = -o - 410, 5*v = 3*o - 8 + 341. What is the highest common factor of v and w?
23
Suppose 0 = -2*w + 2, 2*w + 7 = 2*g + 11. Let h be (g - 6/4)/(9/(-18)). Suppose -47 - h = -4*m. Calculate the greatest common factor of m and 13.
13
Let c(w) = 14*w + 107. Let t be c(-7). Suppose -39 - 555 = -t*h. What is the highest common factor of h and 99?
33
Let r be (-4 + 2)*(-3 + 4). Let n(v) = -v. Let l be n(r). Suppose -4*f = -u, l*u - 2*f = -3*u + 18. What is the highest common factor of 32 and u?
4
Suppose -466*k + 616 = 474*k - 926*k. What is the highest common factor of k and 253?
11
Let j(g) = -g**3 - 8*g**2 - 14*g - 171. Let x be j(-9). Let r(y) = y**3 - 35*y**2 - 6*y - 179. Let c be r(x). What is the highest common factor of 53 and c?
53
Let w = 93 - 93. Suppose -17*j + 19*j - 112 = w. Suppose 30 = 3*d + 4*i - 7*i, 0 = -3*d - 3*i + 18. What is the greatest common factor of d and j?
8
Let x = -2 + 6. Suppose 0 = 47*l - 92*l + 4995. Suppose 3*b + l = x*y, 3*y - 2*b = 3*b + 75. What is the greatest common factor of 30 and y?
30
Let l be (-1 - -13) + 1 + -1. Let q = 129912 + -128964. What is the greatest common divisor of q and l?
12
Suppose c - 34 = 4*n, 0 = 3*c - n + 45 - 169. Let r = -24421 + 24449. What is the greatest common factor of c and r?
14
Let p = -1 + -19. Let i be -36*p/(5 - 1). Suppose -6*d - 505 + 625 = 0. What is the greatest common divisor of d and i?
20
Let z be (36/16)/(2/80). Let u(l) = 86*l**3 + l**2 + l. Let q be u(1). Let a = 98 - q. What is the greatest common factor of a and z?
10
Suppose 1182 + 78 = 14*m. Let g = m + -55. Calculate the highest common factor of g and 70.
35
Let p be (4/26)/(44/572). Let d be 4/6 - (-12)/9. Calculate the greatest common divisor of p and d.
2
Let q be (-125)/(-15) - (-2)/(-6). Suppose 5*k - 56 = 3*g + 104, -4*k = -4*g - 128. What is the greatest common factor of q and k?
8
Suppose 5*n - 2*g - 3*g - 5 = 0, -11 = -n - g. Let j be (-6*8/n)/(-2). Calculate the highest common factor of 148 and j.
4
Let n = 209 - 206. Let x(l) = l**3 + 2*l**2 - 3*l. Let t be x(n). Calculate the greatest common divisor of t and 324.
36
Let n be (15 + -16)/(1/103). Let l = n + 139. What is the greatest common divisor of l and 24?
12
Suppose v = l - 4, 28*l - v = 25*l + 26. Calculate the highest common factor of l and 134.
1
Suppose 18*l + 1960 = 8*l. Let x = -174 - l. What is the highest common factor of 44 and x?
22
Let k(y) = -y**2 + 12*y + 23. Let v be k(14). Let f(p) = p**2 + p + 22. Let l be f(v). What is the highest common factor of 21 and l?
21
Let i be 2/9 + 1148/18. Let f(s) = 3 + 15 + 4*s + 0*s - 5*s. Let z be f(-14). Calculate the greatest common divisor of z and i.
32
Suppose -5*j = -4*v + 434, 2*v + 2*j = 4*j + 216. Suppose 0 = -3*q - 389 - v. Let n = -100 - q. What is the highest common factor of 13 and n?
13
Suppose 3*j = -3*u + 2784, 3*u + 10*j - 2784 = 15*j. What is the greatest common factor of u and 416?
32
Let d be 6*4/24 - -4055. Let o be (d/((-12)/(-2)))/2. Calculate the greatest common factor of o and 26.
26
Let u = 782 - 752. Calculate the greatest common divisor of 1206 and u.
6
Let v = 6468 + 33438. Calculate the greatest common divisor of 54 and v.
54
Suppose 4*d = -5*g + 333, g + 77 = 3*d - 168. Let b be (-230)/(-14) + -2 - 44/(-77). Let z = b + 108. What is the greatest common divisor of d and z?
41
Let x be (-1)/3 + 649/3. Let p(g) = 394*g + 2812. Let t be p(-7). Calculate the highest common divisor of t and x.
54
Let a = 12595 + -9586. Calculate the greatest comm